{"id":26,"date":"2020-05-26T19:04:09","date_gmt":"2020-05-26T19:04:09","guid":{"rendered":"https:\/\/weberhausmalzwei.de\/?page_id=26"},"modified":"2022-04-15T14:10:22","modified_gmt":"2022-04-15T14:10:22","slug":"timeline","status":"publish","type":"page","link":"https:\/\/weberhausmalzwei.de\/?page_id=26","title":{"rendered":"Timeline"},"content":{"rendered":"\n<p>Dezember 2019 &#8211; Grundst\u00fcckssuche beginnt<\/p>\n\n\n\n<p>Januar 2020 &#8211; Idee, gemeinsam zwei H\u00e4user zu bauen<\/p>\n\n\n\n<p>Anfang Februar 2020 &#8211; erste Telefonate mit Hausanbietern<\/p>\n\n\n\n<p>Mitte Februar 2020 &#8211; Grundst\u00fcck gefunden! <\/p>\n\n\n\n<p>7. M\u00e4rz 2020 &#8211; erster Termin bei WeberHaus Berlin<\/p>\n\n\n\n<p>4. April 2020 &#8211; zweiter Termin bei Weberhaus<\/p>\n\n\n\n<p>Mitte April &#8211; Beginn K\u00fcchenplanung<\/p>\n\n\n\n<p>25. Mai 2020 &#8211; Werksvertrag mit Weberhaus unterzeichnet<\/p>\n\n\n\n<p>27. Mai 2020 &#8211; Kaufvertrag Grundst\u00fcck unterzeichnet<\/p>\n\n\n\n<p>28. Mai 2020 &#8211; Kaufvertrag K\u00fcche unterzeichnet<\/p>\n\n\n\n<p>Mai bis Oktober 2020 &#8211; \u00c4rger mit dem Grundst\u00fcckskauf<\/p>\n\n\n\n<p>6. Oktober 2020 &#8211; Neuen Kaufvertrag Grundst\u00fcck unterzeichnet<\/p>\n\n\n\n<p>5. November 2020 &#8211; Vermesser auf dem Grundst\u00fcck<\/p>\n\n\n\n<p>25. November 2020 &#8211; Planungsgespr\u00e4ch mit der Architektin<\/p>\n\n\n\n<p>17. Dezember 2020 &#8211; Plancheckunterlagen fertig<\/p>\n\n\n\n<p>26. Januar 2021 &#8211; Plancheck fertig<\/p>\n\n\n\n<p>Ende M\u00e4rz 2021 &#8211; Bauantr\u00e4ge eingereicht <\/p>\n\n\n\n<p>Ende Mai 2021 &#8211; Baugenehmigung da<\/p>\n\n\n\n<p>18.-20. August 2021 &#8211; Ausstattungsberatung in Wenden<\/p>\n\n\n\n<p>Anfang September 2021 &#8211; Ausstattungspl\u00e4ne bekommen und freigegeben<\/p>\n\n\n\n<p>12. Oktober 2021 &#8211; Bauanlaufgespr\u00e4ch <\/p>\n\n\n\n<p>29.11.2021 &#8211; Beginn der Erdarbeiten<\/p>\n\n\n\n<p>15.12.2021 &#8211; Erdarbeiten &amp; Bodenplatten fertig<\/p>\n\n\n\n<p>11.01.2022 &#8211; Beginn Garagenbau Julia&amp;Johannes<\/p>\n\n\n\n<p>15.01.2022 &#8211; Garage aufgebaut<\/p>\n\n\n\n<p>05.02.2022 &#8211; Garage verputzt und fertig<\/p>\n\n\n\n<p>10.03.2022 &#8211; Die Hausaufbautermine sind da! 13.04. und 20.04.<\/p>\n\n\n\n<p>04.04.2022 &#8211; Der Hausaufbau bei Peter &amp; Fabian wird um zwei Wochen verschoben.<\/p>\n\n\n\n<p>13.\/14.04.2022 &#8211; Hausaufbau Julia &amp; Johannes<\/p>\n","protected":false},"excerpt":{"rendered":"<p>Dezember 2019 &#8211; Grundst\u00fcckssuche beginnt Januar 2020 &#8211; Idee, gemeinsam zwei H\u00e4user zu bauen Anfang Februar 2020 &#8211; erste Telefonate mit Hausanbietern Mitte Februar 2020 &#8211; Grundst\u00fcck gefunden! 7. M\u00e4rz 2020 &#8211; erster Termin bei WeberHaus Berlin 4. April 2020 &#8211; zweiter Termin bei Weberhaus Mitte April &#8211; Beginn K\u00fcchenplanung 25. Mai 2020 &#8211; Werksvertrag [&hellip;]<\/p>\n","protected":false},"author":1,"featured_media":0,"parent":0,"menu_order":0,"comment_status":"closed","ping_status":"closed","template":"","meta":{"_monsterinsights_skip_tracking":false,"_monsterinsights_sitenote_active":false,"_monsterinsights_sitenote_note":"","_monsterinsights_sitenote_category":0,"ocean_post_layout":"","ocean_both_sidebars_style":"","ocean_both_sidebars_content_width":0,"ocean_both_sidebars_sidebars_width":0,"ocean_sidebar":"0","ocean_second_sidebar":"0","ocean_disable_margins":"enable","ocean_add_body_class":"","ocean_shortcode_before_top_bar":"","ocean_shortcode_after_top_bar":"","ocean_shortcode_before_header":"","ocean_shortcode_after_header":"","ocean_has_shortcode":"","ocean_shortcode_after_title":"","ocean_shortcode_before_footer_widgets":"","ocean_shortcode_after_footer_widgets":"","ocean_shortcode_before_footer_bottom":"","ocean_shortcode_after_footer_bottom":"","ocean_display_top_bar":"default","ocean_display_header":"default","ocean_header_style":"","ocean_center_header_left_menu":"0","ocean_custom_header_template":"0","ocean_custom_logo":0,"ocean_custom_retina_logo":0,"ocean_custom_logo_max_width":0,"ocean_custom_logo_tablet_max_width":0,"ocean_custom_logo_mobile_max_width":0,"ocean_custom_logo_max_height":0,"ocean_custom_logo_tablet_max_height":0,"ocean_custom_logo_mobile_max_height":0,"ocean_header_custom_menu":"0","ocean_menu_typo_font_family":"0","ocean_menu_typo_font_subset":"","ocean_menu_typo_font_size":0,"ocean_menu_typo_font_size_tablet":0,"ocean_menu_typo_font_size_mobile":0,"ocean_menu_typo_font_size_unit":"px","ocean_menu_typo_font_weight":"","ocean_menu_typo_font_weight_tablet":"","ocean_menu_typo_font_weight_mobile":"","ocean_menu_typo_transform":"","ocean_menu_typo_transform_tablet":"","ocean_menu_typo_transform_mobile":"","ocean_menu_typo_line_height":0,"ocean_menu_typo_line_height_tablet":0,"ocean_menu_typo_line_height_mobile":0,"ocean_menu_typo_line_height_unit":"","ocean_menu_typo_spacing":0,"ocean_menu_typo_spacing_tablet":0,"ocean_menu_typo_spacing_mobile":0,"ocean_menu_typo_spacing_unit":"","ocean_menu_link_color":"","ocean_menu_link_color_hover":"","ocean_menu_link_color_active":"","ocean_menu_link_background":"","ocean_menu_link_hover_background":"","ocean_menu_link_active_background":"","ocean_menu_social_links_bg":"","ocean_menu_social_hover_links_bg":"","ocean_menu_social_links_color":"","ocean_menu_social_hover_links_color":"","ocean_disable_title":"default","ocean_disable_heading":"default","ocean_post_title":"","ocean_post_subheading":"","ocean_post_title_style":"","ocean_post_title_background_color":"","ocean_post_title_background":0,"ocean_post_title_bg_image_position":"","ocean_post_title_bg_image_attachment":"","ocean_post_title_bg_image_repeat":"","ocean_post_title_bg_image_size":"","ocean_post_title_height":0,"ocean_post_title_bg_overlay":0.5,"ocean_post_title_bg_overlay_color":"","ocean_disable_breadcrumbs":"default","ocean_breadcrumbs_color":"","ocean_breadcrumbs_separator_color":"","ocean_breadcrumbs_links_color":"","ocean_breadcrumbs_links_hover_color":"","ocean_display_footer_widgets":"default","ocean_display_footer_bottom":"default","ocean_custom_footer_template":"0"},"_links":{"self":[{"href":"https:\/\/weberhausmalzwei.de\/index.php?rest_route=\/wp\/v2\/pages\/26"}],"collection":[{"href":"https:\/\/weberhausmalzwei.de\/index.php?rest_route=\/wp\/v2\/pages"}],"about":[{"href":"https:\/\/weberhausmalzwei.de\/index.php?rest_route=\/wp\/v2\/types\/page"}],"author":[{"embeddable":true,"href":"https:\/\/weberhausmalzwei.de\/index.php?rest_route=\/wp\/v2\/users\/1"}],"replies":[{"embeddable":true,"href":"https:\/\/weberhausmalzwei.de\/index.php?rest_route=%2Fwp%2Fv2%2Fcomments&post=26"}],"version-history":[{"count":8,"href":"https:\/\/weberhausmalzwei.de\/index.php?rest_route=\/wp\/v2\/pages\/26\/revisions"}],"predecessor-version":[{"id":508,"href":"https:\/\/weberhausmalzwei.de\/index.php?rest_route=\/wp\/v2\/pages\/26\/revisions\/508"}],"wp:attachment":[{"href":"https:\/\/weberhausmalzwei.de\/index.php?rest_route=%2Fwp%2Fv2%2Fmedia&parent=26"}],"curies":[{"name":"wp","href":"https:\/\/api.w.org\/{rel}","templated":true}]}}

<p>Dezember 2019 &#8211; Grundstückssuche beginnt</p>



<p>Januar 2020 &#8211; Idee, gemeinsam zwei Häuser zu bauen</p>



<p>Anfang Februar 2020 &#8211; erste Telefonate mit Hausanbietern</p>



<p>Mitte Februar 2020 &#8211; Grundstück gefunden! </p>



<p>7. März 2020 &#8211; erster Termin bei WeberHaus Berlin</p>



<p>4. April 2020 &#8211; zweiter Termin bei Weberhaus</p>



<p>Mitte April &#8211; Beginn Küchenplanung</p>



<p>25. Mai 2020 &#8211; Werksvertrag mit Weberhaus unterzeichnet</p>



<p>27. Mai 2020 &#8211; Kaufvertrag Grundstück unterzeichnet</p>



<p>28. Mai 2020 &#8211; Kaufvertrag Küche unterzeichnet</p>



<p>Mai bis Oktober 2020 &#8211; Ärger mit dem Grundstückskauf</p>



<p>6. Oktober 2020 &#8211; Neuen Kaufvertrag Grundstück unterzeichnet</p>



<p>5. November 2020 &#8211; Vermesser auf dem Grundstück</p>



<p>25. November 2020 &#8211; Planungsgespräch mit der Architektin</p>



<p>17. Dezember 2020 &#8211; Plancheckunterlagen fertig</p>



<p>26. Januar 2021 &#8211; Plancheck fertig</p>



<p>Ende März 2021 &#8211; Bauanträge eingereicht </p>



<p>Ende Mai 2021 &#8211; Baugenehmigung da</p>



<p>18.-20. August 2021 &#8211; Ausstattungsberatung in Wenden</p>



<p>Anfang September 2021 &#8211; Ausstattungspläne bekommen und freigegeben</p>



<p>12. Oktober 2021 &#8211; Bauanlaufgespräch </p>



<p>29.11.2021 &#8211; Beginn der Erdarbeiten</p>



<p>15.12.2021 &#8211; Erdarbeiten &amp; Bodenplatten fertig</p>



<p>11.01.2022 &#8211; Beginn Garagenbau Julia&amp;Johannes</p>



<p>15.01.2022 &#8211; Garage aufgebaut</p>



<p>05.02.2022 &#8211; Garage verputzt und fertig</p>



<p>10.03.2022 &#8211; Die Hausaufbautermine sind da! 13.04. und 20.04.</p>



<p>04.04.2022 &#8211; Der Hausaufbau bei Peter &amp; Fabian wird um zwei Wochen verschoben.</p>



<p>13./14.04.2022 &#8211; Hausaufbau Julia &amp; Johannes</p>

<p>Dezember 2019 &#8211; Grundstückssuche beginnt Januar 2020 &#8211; Idee, gemeinsam zwei Häuser zu bauen Anfang Februar 2020 &#8211; erste Telefonate mit Hausanbietern Mitte Februar 2020 &#8211; Grundstück gefunden! 7. März 2020 &#8211; erster Termin bei WeberHaus Berlin 4. April 2020 &#8211; zweiter Termin bei Weberhaus Mitte April &#8211; Beginn Küchenplanung 25. Mai 2020 &#8211; Werksvertrag [&hellip;]</p>
